3 - 185*t**2 - 3588*t - 53. Calculate l(-22).
-9
Let l(v) = -v**2 - 585*v + 18277. What is l(30)?
-173
Let s(b) = 418*b - 2496. Determine s(6).
12
Let q(w) = w**2 - 13943*w + 139331. Determine q(10).
1
Let q(m) = 19*m**3 - 338*m**2 - 46*m + 84. Calculate q(18).
552
Let j(k) = -3*k**3 + 397*k**2 + 4117*k + 132. What is j(142)?
-10
Let g(k) = -11*k**3 + 156*k**2 - 463*k + 120. Give g(10).
90
Let o(i) = -30*i**3 - 4052*i**2 - 265*i + 667. What is o(-135)?
-8
Let k(j) = -j**3 - 47*j**2 + 481*j - 14. What is k(8)?
314
Let i(r) = 3*r**2 - 83*r - 10577. Determine i(-47).
-49
Let h(a) = a**3 - 40*a**2 + 154*a + 59. What is h(36)?
419
Let s(b) = -4679*b - 294761. Give s(-63).
16
Let x(i) = 6*i**2 - 358*i - 1519. What is x(67)?
1429
Let v(i) = i**2 + 8672*i + 8367992. What is v(-1106)?
-4
Let d(p) = 2*p**3 + 50*p**2 + 101*p - 79. Calculate d(-22).
603
Let j(a) = 14*a**2 + 125*a - 3. Calculate j(3).
498
Let y(s) = -7888*s - 228648. Give y(-29).
104
Let a(r) = 2679*r**2 + 24121*r + 91. Determine a(-9).
1
Let y(v) = -36978*v + 628825. What is y(17)?
199
Let d(v) = 37*v**2 - 191*v - 121. Give d(0).
-121
Let x(u) = 33203*u + 464636. Determine x(-14).
-206
Let y(t) = t**2 - 249*t - 17679. What is y(-58)?
127
Let s(h) = -1195*h + 73905. Calculate s(62).
-185
Let a(h) = 30*h**2 - 69*h + 236. Calculate a(4).
440
Let c(d) = 3*d**3 - 468*d**2 + 3294*d - 5. What is c(7)?
1150
Let x(r) = r**2 - 41190*r - 329494. Calculate x(-8).
90
Let f(c) = 3*c**2 + 3*c - 8. What is f(5)?
82
Let h(d) = 2*d**3 + 32*d**2 + 79*d + 13242. What is h(-25)?
17
Let t(p) = 2*p**2 + 84*p - 120. Calculate t(-43).
-34
Let p(z) = 3042*z - 529292. Calculate p(174).
16
Let h(v) = 383*v + 24174. Determine h(-65).
-721
Let t(y) = 12*y**3 - 246*y**2 + 648*y - 43. Calculate t(3).
11
Let c(f) = -f**2 - 574*f - 49638. Give c(-106).
-30
Let a(r) = 901*r - 3507. Determine a(5).
998
Let p(n) = -n**3 - 205*n**2 + 424*n + 2576. Give p(-207).
506
Let a(u) = 49034*u + 5099540. Give a(-104).
4
Let v(i) = i**3 + 47*i**2 + 416*i - 292. Give v(-37).
-1994
Let l(m) = m**2 + 67*m + 8. Determine l(-9).
-514
Let k(q) = 122*q - 358. Give k(2).
-114
Let u(o) = 11549*o + 104313. What is u(-9)?
372
Let b(x) = 10*x**2 + 150*x + 77. What is b(-9)?
-463
Let t(q) = -2*q**2 - 1212*q + 144434. Calculate t(102).
2
Let s(j) = 30344*j**2 - 1638580*j + 214. What is s(54)?
-2
Let t(j) = -j**3 + 298*j**2 - 937*j + 15408. Give t(295).
68
Let f(o) = -4*o**3 - 10*o**2 + 101*o + 196. Give f(-4).
-112
Let w(z) = -32*z**2 - 20*z - 15. What is w(4)?
-607
Let p(v) = 871*v - 2634. Give p(3).
-21
Let v(u) = -6*u**2 - 52*u - 31. Determine v(-7).
39
Let n(y) = y**3 + 11*y**2 - 123*y - 747. Calculate n(-5).
18
Let q(k) = -k**3 + 34*k**2 - 219*k + 4868. Calculate q(32).
-92
Let h(c) = -12*c**2 + 121*c + 251. What is h(13)?
-204
Let v(j) = -j**3 + 282*j**2 - 5286*j + 12061. What is v(262)?
9
Let f(g) = 6*g**3 - 160*g**2 + 114*g - 138. Determine f(26).
122
Let g(s) = -358318*s - 18990843. Give g(-53).
11
Let x(f) = f**3 + 288*f**2 - 583*f - 864. Determine x(-290).
6
Let x(u) = -284*u + 13189. Give x(47).
-159
Let b(g) = -30914*g + 3524190. What is b(114)?
-6
Let q(s) = -s**3 - 24*s**2 + 186*s + 40. Determine q(-30).
-140
Let m(t) = -13*t**2 + 351*t - 2344. What is m(16)?
-56
Let o(p) = p**3 + 23945*p**2 - 143717*p + 67. Give o(6).
1
Let c(h) = -2*h**3 + 47*h**2 - 242*h - 464. Determine c(13).
-61
Let t(b) = 1800*b - 233980. Calculate t(130).
20
Let n(b) = -8*b**2 - 71*b + 98. What is n(-9)?
89
Let w(t) = -147*t**2 + 1004*t + 11. Determine w(2).
1431
Let j(l) = -20*l**2 - 8678*l + 26031. Give j(3).
-183
Let z(m) = m**3 - 1024*m**2 - 28385*m + 8406. Determine z(1051).
-2
Let k(a) = -106143*a + 2335155. Calculate k(22).
9
Let w(l) = -36*l**2 + 52*l + 800. Determine w(-4).
16
Let g(q) = q**2 + 595*q + 6408. Calculate g(-11).
-16
Let u(t) = -2*t**3 + 149*t**2 - 80*t + 1224. Give u(74).
780
Let d(p) = 7*p**2 - 122*p + 51. Determine d(14).
-285
Let o(g) = 15*g**2 - 911*g + 753. Give o(60).
93
Let m(q) = q**2 + 688*q + 8906. Calculate m(-13).
131
Let q(y) = -423105*y + 846201. Calculate q(2).
-9
Let i(g) = g**3 + 335*g**2 + 430*g + 32224. What is i(-334)?
160
Let x(y) = 10832*y - 119143. What is x(11)?
9
Let u(c) = 581*c**2 + 11629*c + 118. Determine u(-20).
-62
Let m(q) = -3953*q + 264833. Give m(67).
-18
Let b(h) = 806651*h - 11293106. Give b(14).
8
Let n(m) = 3073*m + 9239. Calculate n(-3).
20
Let j(h) = 5*h - 772. Calculate j(98).
-282
Let o(i) = 5*i**2 - 2807*i + 5599. Calculate o(2).
5
Let b(j) = j**3 - 693*j**2 + 3001*j - 168803. Determine b(689).
2
Let o(x) = -2*x**3 + 557*x - 1106. Determine o(2).
-8
Let w(g) = -g**3 - 10*g**2 - 82*g - 401. Determine w(-9).
256
Let t(v) = 19653*v + 196589. What is t(-10)?
59
Let c(s) = -s**2 + 660*s - 7746. Give c(12).
30
Let o(i) = -1851*i + 79614. Calculate o(43).
21
Let i(b) = 25*b**2 + 965*b - 1977. Give i(2).
53
Let m(k) = 4124*k + 11608. Determine m(-3).
-764
Let h(p) = 509*p**3 - 2543*p**2 - 6*p + 21. What is h(5)?
41
Let d(c) = 6*c**3 + 76*c**2 + 23*c + 605. Calculate d(-13).
-32
Let o(w) = 2*w**2 + 380*w + 16778. Determine o(-69).
80
Let h(b) = -b**3 + 14*b**2 - 474*b + 6725. Determine h(14).
89
Let k(j) = j**3 + 56*j**2 - 44*j - 5417. Calculate k(-55).
28
Let w(c) = 19*c**2 + 1461*c - 658. Give w(0).
-658
Let c(h) = -31*h + 8421. What is c(185)?
2686
Let l(o) = o**3 - 15*o**2 - 877*o + 15268. Calculate l(19).
49
Let a(w) = 725*w - 13664. Calculate a(16).
-2064
Let g(i) = -i**2 - 6*i + 368. Calculate g(16).
16
Let c(i) = -42*i + 1513. Calculate c(47).
-461
Let c(w) = -89044*w - 267152. Calculate c(-3).
-20
Let z(d) = d**2 - 29*d - 1110. What is z(34)?
-940
Let h(n) = -2384*n - 2494. Determine h(-1).
-110
Let i(r) = -64*r + 754. Determine i(6).
370
Let y(b) = 2891*b - 4928. What is y(1)?
-2037
Let o(y) = -y**2 - 10355*y - 299450. Give o(-29).
4
Let h(u) = -2*u**2 - 20814*u + 62445. Give h(3).
-15
Let d(h) = 955*h**2 - 24839*h + 220. What is d(26)?
-14
Let i(k) = 69*k**2 + 11*k + 147. Calculate i(-4).
1207
Let x(i) = 13*i**2 - 187*i - 1118. Give x(-6).
472
Let r(a) = -14*a**3 - 2170*a**2 + 14*a + 1357. Give r(-155).
-813
Let s(c) = 15771*c + 220909. Give s(-14).
115
Let b(z) = -z**3 - 17*z**2 - 34342*z - 514681. Give b(-15).
-1
Let i(m) = -4*m**3 - 851*m**2 + 219*m + 1084. Give i(-213).
-194
Let y(c) = -3*c**3 - 188*c**2 - 373*c - 29. Give y(-2).
-11
Let m(u) = -u**3 + 526*u**2 - 119*u + 62314. Determine m(526).
-280
Let v(i) = i**2 + 2419*i + 19400. Determine v(-8).
112
Let v(g) = -20458*g + 1247930. What is v(61)?
-8
Let a(j) = -8*j**2 + 1428*j - 4969. Calculate a(175).
-69
Let l(i) = 17*i**2 + 961*i + 5576. Give l(-50).
26
Let q(y) = 5*y**3 + 58*y**2 - 16*y + 80. What is q(-10)?
1040
Let a(i) = 9*i**3 + 5282*i**2 - 644*i - 33457. Determine a(-587).
2
Let a(v) = 62720*v - 815519. What is a(13)?
-159
Let g(z) = 16*z**3 - 67*z**2 + 32*z + 70. Calculate g(8).
4230
Let m(t) = -11*t**2 - 650*t + 5118. Give m(8).
-786
Let r(z) = -4636*z + 51013. Determine r(11).
17
Let z(d) = 31*d**2 - 1124*d + 3996. Calculate z(4).
-4
Let h(j) = -j**3 + 1168*j**2 + 17745*j + 9. Calculate h(-15).
9
Let l(c) = 462*c + 52820. Determine l(-117).
-1234
Let t(f) = -13060*f - 600759. Give t(-46).
1
Let v(h) = -h**3 + 59*h**2 - 71*h + 314. Calculate v(59).
-3875
Let q(p) = 8*p**3 + 142*p**2 + 488*p - 4. Give q(-3).
-406
Let g(u) = -28*u**2 - 246*u - 219. Determine g(-19).
-5653
Let x(d) = d**3 + 70*d**2 - 161*d - 6634. Calculate x(-71).
-244
Let n(j) = 2*j**3 + 48*j**2 - 15*j - 577. What is n(-13)?
3336
Let i(t) = t**2 - 149*t - 27424. What is i(256)?
-32
Let v(w) = -w**3 + 91*w**2 - 1089*w - 121. Give v(14).
-275
Let t(r) = -14*r**2 + 286*r + 537. Calculate t(-9).
-3171
Let s(n) = -n**3 + 36*n**2 + 834*n - 28040. What is s(39)?
-77
Let q(a) = 2*a**2 + 1792*a + 401284. What is q(-440)?
4
Let w(k) = 152262*k - 304427. Give w(2).
97
Let d(a) = -118375*a + 6273872. Determine d(53).
-3
Let x(q) = 47*q**2 + 67562*q + 570170. Determine x(-1429).
-1
Let n(g) = 6*g**2 + 38215*g - 689797. Determine n(18).
17
Let z(x) = 92*x + 6860. Give z(-83).
-776
Let b(u) = -3*u**3 - 4*u**2 + 101*u + 769. Calculate b(-6).
667
Let z(y) = -66*y**2 - 2125*y - 55. What is z(-33)?
-1804
Let j(x) = 705*x - 3505. Calculate j(5).
20
Let r(i) = 24*i**2 + 10279